+ 67. List the prime factors of y.
37
Let i(q) = -q**2 + 6*q. Let h be i(5). Let b = h - 4. What are the prime factors of 1 - (-9 - (0 - b))?
3
Let h(p) = -p**2 + 14*p - 11. Let j be -3 - -1 - 7*-2. List the prime factors of h(j).
13
Suppose 6*b + 4*g = 2*b + 20, -3*g = 4*b - 15. Suppose b = 4*c + 61 - 13. Let z = 3 - c. List the prime factors of z.
3, 5
Suppose -4 = -a, 5*d = -7*a + 3*a + 51. Let y = -4 - -7. Suppose -11 = -y*u + d. List the prime factors of u.
2, 3
Let b = 66 + -34. Let r = b + -7. What are the prime factors of r?
5
Let n(k) = -k**3 - k**2 - 2*k - 2. Let r be n(-2). Suppose 0 = 3*h - 0 - r. Suppose 18 = h*b - 10. What are the prime factors of b?
2, 7
Let l = 117 + -40. What are the prime factors of l?
7, 11
Let x(y) be the third derivative of y**4/24 + y**3 - y**2. Suppose 5*r + 5*u - 2*u = 33, -4*u + 34 = 5*r. List the prime factors of x(r).
2, 3
Let g(s) = s**3 - 4*s + 4. Let p(a) = -a**2 - 5*a + 7. Let u be p(-7). Let t = -4 - u. List the prime factors of g(t).
19
Let t(n) = -4*n - 7. List the prime factors of t(-3).
5
Suppose -19 = 2*j - 67. Suppose 15 = 3*u - j. What are the prime factors of u?
13
What are the prime factors of (0 - (-2)/6)/((-5)/(-30))?
2
List the prime factors of 6/5*2220/18.
2, 37
Let f be (6/(-9))/((-1)/21). Let g be (-2)/(-8) + 30/8. Suppose -g*i + 5*n + 41 = 0, -4*n + 0 = 2*i - f. What are the prime factors of i?
3
Suppose -3*m = -m - 8. Suppose m*z = 4*y + 3 + 1, -2*y + 22 = 4*z. List the prime factors of z.
2
Suppose -3*r = -25 - 113. List the prime factors of r.
2, 23
What are the prime factors of (105/7)/(-6*(-1)/28)?
2, 5, 7
Let d = -81 - -121. Let o = d - 3. List the prime factors of o.
37
Suppose -3 = -3*y + 3*i, 0*y - 2*i - 10 = -4*y. Suppose -2*c = -y*v - 30 + 252, -2*c - 195 = 5*v. What are the prime factors of (8/5)/((-14)/c)?
2, 3
Let t(d) be the second derivative of d**4/12 - 7*d**3/6 + 9*d**2/2 - 4*d. List the prime factors of t(6).
3
Let w = -2 - -3. Let x be (-2 - -1)*1 - -2. What are the prime factors of w - ((-3)/3)/x?
2
Let p = 120 + 8. What are the prime factors of p?
2
Let o be (-88)/6*-1*3. Let l = o - 66. What are the prime factors of (-4)/l + 93/33?
3
What are the prime factors of 129/4 - 4/16?
2
Let u(q) = q**2 + 11*q + 10. Let s be u(-7). Suppose 3*k + 12 = -0*k. List the prime factors of k + 3 + s/(-2).
2
Suppose 5*t - 6 = 8*t. Let d be (t*(0 + -5))/1. Suppose -3*a = d - 46. What are the prime factors of a?
2, 3
Let w(j) = -38*j - 3. What are the prime factors of w(-1)?
5, 7
Suppose 5*n + 3*a + a = 112, -n = 2*a - 26. List the prime factors of n.
2, 5
Suppose -3 - 3 = 2*z. Let o(x) = -x + 0*x**2 - 2*x**2 - 2 - 2*x**3 + x**3. List the prime factors of o(z).
2, 5
Suppose 0 = -5*d + 2*d - 3. List the prime factors of (13 - -1) + d*1.
13
Let n(x) = 5*x + 3. Let m be n(-3). Suppose -21*g + 18*g + 51 = 0. Let o = g + m. What are the prime factors of o?
5
Suppose -2*a = -a - 2. Suppose 0*y + a*y = 26. What are the prime factors of y?
13
Suppose 3*x - x - 5*n = 73, -5*x + 2*n + 130 = 0. Suppose -x = -s - 2*s. What are the prime factors of s?
2
Let p = 82 + -79. List the prime factors of p.
3
Let l be ((-2)/6)/((-1)/6). Let b(p) = -2 + 0*p**l + 0 - p**3 + 4*p**2 + 3. What are the prime factors of b(3)?
2, 5
Let j(s) = 4*s**2 + s + 1. What are the prime factors of j(-2)?
3, 5
Suppose 0 = -5*w + 5*g - 30, -3*g = w - 2*w - 10. Let m be (w/(-3))/((-18)/27). Let u = m - -14. What are the prime factors of u?
2, 3
Let q be (-2)/8 + 30/(-8). Let i = q + 3. List the prime factors of (1 - i)*(-5)/(-2).
5
Let w(k) = -k**3 + 4*k**2 - 2*k + 1. Let f(r) = -r**2 + 6*r + 3. Let a be f(6). List the prime factors of w(a).
2
Suppose -3*m = -2*m - 5. Suppose -m*q - k = -225, 3*q - 49 = 5*k + 58. List the prime factors of q.
2, 11
Suppose -5*g = 3*m - 385, -5*g = -2*m - 4*g + 274. What are the prime factors of m?
3, 5
Let o = -10 - -12. List the prime factors of (-1)/o*0 + 3.
3
Let d(b) be the second derivative of b**4/12 + b**3/2 - b. Let z be d(-4). What are the prime factors of 46/z - 3/(-6)?
2, 3
Let u = 3 - 5. Let q = u + 17. What are the prime factors of q?
3, 5
Suppose 0*l = l + 6. Suppose -4*r - z - 33 = 0, -2*z = -2*r - 6*z - 6. Let g = l - r. List the prime factors of g.
3
Suppose -3*b - 2*a - 274 = -7*b, -3*b + a + 206 = 0. What are the prime factors of b?
3, 23
Suppose -4*l + 4*s = -35 - 73, 3*l - 4*s - 76 = 0. Let b = l + -14. List the prime factors of b.
2, 3
Let y = -16 + 16. Suppose y = -4*z + 55 + 21. List the prime factors of z.
19
Let v = 8 + -5. Let c(j) = -2*j - 3. Let a be c(-3). Suppose -o - v*o = -2*p - 48, -3*o + 18 = a*p. List the prime factors of o.
2, 5
Let v = 19 - 13. List the prime factors of v.
2, 3
Suppose -2 = -2*c + 3*o, -3*o + 8*o + 25 = -c. What are the prime factors of -1 - (c - 1*-2)?
2
Let q be ((-1)/4)/(1/(-20)). Suppose 2*p + q*v = 4, 4*p + 5*v - 40 = -p. List the prime factors of p.
2, 3
Suppose -2*d + 3*r = -10 - 5, -2*d = -r - 13. Let w = 13 - d. Suppose 4*g - 23 = -w. What are the prime factors of g?
2
What are the prime factors of (-35)/(-1) + (-3 - 1)?
31
Let y = -14 + 24. List the prime factors of y.
2, 5
Let n = -4 + 9. Let j(s) = -10*s - 1. Let l be j(-2). Suppose 2*r - 5 = r, -3*x = -n*r + l. List the prime factors of x.
2
What are the prime factors of ((-2)/(-6))/(8/1224)?
3, 17
Let i be 6*(-1 - 1)/(-4). Let a(n) = -n**2 + 2*n - 3. Let x be a(i). Let g(t) = -t + 5. What are the prime factors of g(x)?
11
Let v(h) = -5*h. Suppose j + 23 = -4*d - 4*j, -d = -3*j - 7. List the prime factors of v(d).
2, 5
Let p = 2 + -5. What are the prime factors of (-8)/(-24) + (-161)/p?
2, 3
Suppose 2 = -p + 23. List the prime factors of p.
3, 7
What are the prime factors of 164/(-2)*5/(-10)?
41
Let o = -40 + 26. Let j = o + 20. What are the prime factors of j?
2, 3
Suppose -5*f + 130 = -190. Let k = 119 - f. List the prime factors of k.
5, 11
Suppose 0 = 4*x - 4 - 4. Suppose 3*s - 5*l - 58 = -0*l, 0 = 2*s + x*l - 44. What are the prime factors of s?
3, 7
Let g be (2/3)/((-2)/(-9)). List the prime factors of 1/(g/(-30)*-2).
5
Let m = -26 - -52. List the prime factors of m.
2, 13
Suppose 8*g - 138 = 326. List the prime factors of g.
2, 29
Let r = 94 + -64. List the prime factors of r.
2, 3, 5
Suppose -5*j + 16 = -x, 16 = x - 4*x - j. List the prime factors of ((-3)/x)/((-5)/(-50)).
5
Let n(z) = -z - z**3 - 2 + 22 + z**2 + 11. What are the prime factors of n(0)?
31
Let k be (-19)/(-7) - (-2)/7. Suppose -m - 28 = -k*m. What are the prime factors of m?
2, 7
Suppose -3*m + 20 - 2 = 4*w, 2*m = -w + 17. Let y = -13 + 18. Suppose 0 = y*i - m*i + 30. What are the prime factors of i?
2, 3
Suppose 3*h = -h - 2*f + 76, 0 = h + f - 18. Suppose n = -2*g + 10, -2*g - 4*n + n + 14 = 0. Suppose 0 = -j - g*j + h. What are the prime factors of j?
2
Suppose j - 82 = -24. List the prime factors of j.
2, 29
Suppose z + 2*m = 20, 4*z - 95 + 35 = -3*m. List the prime factors of z.
2, 3
Let c = 1 - 1. What are the prime factors of 7 + (c + 1)*-2?
5
Let w = -6 - 18. What are the prime factors of 3 + 5/((-10)/w)?
3, 5
Let c(u) = 3*u**3 - 6*u**2 - 7*u - 2. List the prime factors of c(4).
2, 3, 11
Let g = -18 - -17. Let y(r) = -r**2 - 5*r**3 - 2*r - r**3 - 1 - 5*r**3. What are the prime factors of y(g)?
11
Let i = -58 - -85. Let o = i - 15. What are the prime factors of o?
2, 3
Let z(h) = 46*h - 36. What are the prime factors of z(3)?
2, 3, 17
Suppose 2*o - 121 + 27 = 0. What are the prime factors of o?
47
Let u = 10 - 7. Suppose 2*i = 6*i + 2*n - 78, 3*i - 66 = -u*n. What are the prime factors of i?
17
Suppose 156 = -33*b + 35*b. What are the prime factors of b?
2, 3, 13
Suppose 5*j - 26 = -3*n, j = 2 + 2. Suppose 0*z - n*z + p + 39 = 0, 4*z - 3*p = 81. List the prime factors of z.
2, 3
Let q be (2 - (-10)/(-3))*15. Let n = q + 39. List the prime factors of n.
19
Let u(r) = -r**2 - 8*r + 12. Let i be u(-9). Suppose 4*f + 5*k - 21 = 0, -6 - 6 = -i*f - 5*k. List the prime factors of f.
3
Suppose 3*c + 0 = 3*t + 72, 0 = -2*t. List the prime factors of c.
2, 3
Let j(d) = d - 4. Let k be j(5). Suppose -k = i - 6. What are the prime factors of i?
5
Let x = -8 - -4. Suppose 2*r - 10 = 7*r, -5*b - 5*r = 0. What are the prime factors of b/x*(3 - 27)?
2, 3
Suppose 3*v = -5*x - 7, -17 = -x - 0*x + 4*v.